ase 2.
-10000101100111001101
Convert -553220 (base 8) to base 4.
-231122100
100100001001101110 (base 2) to base 14
3bd70
What is -20220212122 (base 3) in base 11?
-93398
-2321043333 (base 5) to base 8
-24023550
What is -332248 (base 9) in base 7?
-1454462
What is -5623343 (base 8) in base 14?
-2b6d35
What is -217731 (base 12) in base 4?
-2001301111
Convert -36306275 (base 8) to base 7.
-124465104
What is 1110111000111011110 (base 2) in base 3?
220210021110
What is -3730234 (base 8) in base 6?
-34012232
-32a9a86 (base 11) to base 4
-112013021332
Convert 2301210011 (base 4) to base 2.
10110001100100000101
3043040 (base 5) to base 14
141d0
Convert 7719849 (base 10) to base 12.
2703609
What is -1211111121 (base 3) in base 10?
-36088
-1012101222222101 (base 3) to base 4
-1001230233100
What is -56225 (base 13) in base 16?
-262c4
What is -1110011110010000110 (base 2) in base 9?
-802480
What is -1393403 (base 12) in base 3?
-21101101220110
-7b5b (base 12) to base 15
-411b
What is 2194b (base 14) in base 13?
2b091
Convert 74125 (base 10) to base 2.
10010000110001101
What is 469409 (base 12) in base 11?
70644a
Convert -32031011 (base 4) to base 12.
-29805
Convert 1323234404 (base 5) to base 16.
32ea96
What is -4354 (base 12) in base 13?
-34ab
c4ed4 (base 16) to base 5
201302422
What is -10010100001011110011 (base 2) in base 8?
-2241363
-125a331 (base 13) to base 11
-326763a
-3317267 (base 8) to base 16
-d9eb7
-11011021201122 (base 3) to base 13
-5c4c8c
332032231 (base 4) to base 13
8c032
What is -11021120 (base 4) in base 6?
-241332
What is 21212120 (base 3) in base 14?
213d
Convert -a819 (base 12) to base 3.
-221022110
Convert 17020321 (base 8) to base 15.
52c891
-1012002012110 (base 3) to base 13
-19155c
What is 7061cc (base 15) in base 11?
3015265
Convert -4376210 (base 8) to base 10.
-1178760
Convert -2300210223 (base 4) to base 6.
-23300203
220221111022122 (base 3) to base 12
4533615
What is 1a977d (base 15) in base 9?
2387081
Convert 11002121310 (base 4) to base 8.
5023164
-3787200 (base 10) to base 15
-4ec200
Convert -21200112120 (base 3) to base 16.
-24f00
What is -115068 (base 14) in base 10?
-590052
Convert -46a2a (base 12) to base 14.
-26786
What is 11000000010101010110100 (base 2) in base 12?
213b270
Convert 970d1e (base 16) to base 8.
45606436
What is -3423655 (base 7) in base 14?
-b152c
Convert -11012332131 (base 4) to base 10.
-1339293
What is -2129616 (base 10) in base 13?
-597438
114316135 (base 7) to base 10
7113895
2101010002 (base 3) to base 9
71102
Convert 123810 (base 9) to base 6.
1335143
1505839 (base 11) to base 13
6c64a3
What is -1005105 (base 8) in base 16?
-40a45
Convert 61956 (base 12) to base 2.
11111001000010010
Convert 960151 (base 10) to base 11.
5a6415
What is -5323155 (base 6) in base 4?
-333131033
What is -84018a (base 11) in base 3?
-2112102222222
Convert c3744 (base 13) to base 7.
2660022
d1dc (base 15) to base 3
2020210000
What is 1667670 (base 8) in base 16?
76fb8
Convert c7db (base 16) to base 2.
1100011111011011
-13823821 (base 9) to base 12
-2371224
Convert 8784406 (base 9) to base 15.
633a70
What is 234013 (base 7) in base 4?
22103113
110332111 (base 4) to base 5
10222114
10233324 (base 5) to base 8
251272
Convert 40433244 (base 5) to base 9.
548003
-1776715 (base 8) to base 16
-7fdcd
What is 6b5f10 (base 16) in base 9?
14214462
Convert 34025034 (base 6) to base 10.
1030126
Convert -455040 (base 8) to base 6.
-3145344
Convert 964883 (base 16) to base 9.
20471212
5080cd (base 15) to base 5
1434332233
What is -bb76a3 (base 14) in base 3?
-102222002010201
What is -607509 (base 11) in base 12?
-3b0b51
What is 255881 (base 9) in base 12?
75a31
15d861 (base 16) to base 3
2200201212001
What is 726455 (base 8) in base 11?
155028
-1e85d (base 16) to base 14
-337c1
Convert 530620 (base 8) to base 2.
101011000110010000
-405790 (base 14) to base 3
-11002001220021
What is -1010111111100010 (base 2) in base 7?
-245162
Convert -102544555 (base 6) to base 16.
-1bbdd7
What is 42663205 (base 7) in base 12?
1279a4a
-2212002010 (base 3) to base 7
-322551
-17b672 (base 14) to base 16
-cca34
What is -103222020222 (base 4) in base 5?
-2304401242
What is -11101011111100000101010 (base 2) in base 13?
-17a8ccc
Convert 10220020120021 (base 3) to base 15.
2adba1
Convert -305412 (base 14) to base 8.
-6153530
Convert 211033 (base 5) to base 2.
1101101101010
Convert 42916 (base 15) to base 5.
23230141
6662415 (base 7) to base 9
1482553
Convert 110030101 (base 4) to base 3.
11012110011
What is 5a880 (base 13) in base 10?
166231
22514 (base 9) to base 16
3a96
What is -1011210101022 (base 3) in base 4?
-2120301200
What is a8709b (base 14) in base 4?
111300303101
What is cc370 (base 13) in base 5?
43312234
What is -2301220030 (base 4) in base 12?
-2b1064
Convert 2665912 (base 10) to base 14.
4d5784
Convert -11700 (base 9) to base 12.
-4669
50422530 (base 6) to base 15
1d4d56
Convert -11011010101000010101 (base 2) to base 4.
-3122220111
Convert 1121205 (base 10) to base 12.
460a19
Convert -120634 (base 9) to base 12.
-36094
Convert -571347 (base 8) to base 3.
-100211002121
What is 11010011000101 (base 2) in base 10?
13509
What is 12212101112 (base 4) in base 7?
20462426
What is -2d8c9b (base 14) in base 15?
-218dd2
What is 61208 (base 11) in base 3?
11112200010
What is -594022 (base 11) in base 12?
-395430
Convert 2216001 (base 7) to base 6.
5505340
-731525 (base 11) to base 12
-486b63
Convert -1330133303 (base 4) to base 5.
-112304224
What is -ab70a4 (base 15) in base 3?
-120101022011201
Convert -2177361 (base 8) to base 10.
-589553
What is 22432343 (base 5) in base 13?
71078
Convert 2214432 (base 6) to base 15.
22e28
Convert 3a77a (base 13) to base 12.
53061
7073a2 (base 14) to base 16
39c002
5a8a (base 16) to base 12
114b6
What is 3344445 (base 8) in base 12?
376a05
Convert -27a9648 (base 11) to base 15.
-656016
Convert -433221312 (base 6) to base 15.
-a2667b
Convert -b54b (base 12) to base 5.
-1113122
Convert -1331311111 (base 4) to base 6.
-15014101
Convert 1002010001 (base 3) to base 8.
51347
What is 100100110101000 (base 2) in base 16?
49a8
2446300 (base 10) to base 15
334c6a
-231233321 (base 4) to base 9
-315035
Convert 7484c (base 14) to base 9.
468154
What is 10011101110111101001 (base 2) in base 9?
1185011
18f1b (base 16) to base 7
603606
What is 1272656 (base 10) in base 2?
100110110101101010000
Convert 6273351 (base 8) to base 2.
110010111011011101001
-1848585 (base 13) to base 8
-36200107
100100111111100111011 (base 2) to base 11
758838
Convert 6210241 (base 7) to base 2.
10110101001010010100
Convert 33574 (base 8) to base 13.
6608
-24244023 (base 5) to base 14
-5d149
Convert -3de1d6 (base 15) to base 2.
-1011011000011111110110
What is -10540242 (base 8) in base 14?
-434014
Convert -176366d (base 14) to base 11.
-6568992
What is -1133340 (base 5) in base 2?
-101001001100111
What is -741720 (base 9) in base 7?
-3514266
What is -250a621 (base 11) in base 5?
-2104044221
What is 5254421 (base 7) in base 10?
635447
Convert -101101101110110100 (base 2) to base 12.
-90498
What is -1410dd (base 14) in base 4?
-2221202123
Convert 10100000100101000001 (base 2) to base 5.
132021404
-12662474 (base 10) to base 7
-212425556
What is -1483620 (base 11) in base 3?
-11202220222110
Convert -b49c49 (base 13) to base 15.
-585704
What is -a0599b (base 14) in base 16?
-524dc5
Convert 3211746 (base 8) to base 6.
30211514
Convert 71523 (base 10) to base 3.
10122010000
Convert 13534062 (base 7) to base 14.
250732
319505 (base 14) to base 11
a46423
-1101101011101000000 (base 2) to base 5
-103321240
What is -6643722 (base 9) in base 3?
-20201110210202
What is 20222112211 (base 3) in base 13?
4a743
Convert -10201300 (base 4) to base 12.
-a894
20a32 (base 11) to base 3
1112212122
What is -3bbb954 (base 12) in base 8?
-55437220
Convert 414589 (base 11) to base 9.
1223025
What is -1251580 (base 9) in base 12?
-28b6a6
Convert 707751 (base 9) to base 6.
12552031
Convert -2150675 (base 8) to base 3.
-1002100211201
What is -130322220 (base 4) in base 5?
-12242230
Convert 216024 (base 8) to base 7.
422011
Convert -795db6 (base 15) to base 5.
-2440304341
6310525 (base 7) to base 3
1102120010101
Convert -5020264 (base 7) to base 16.
-90d27
Convert -2011002101122 (